- 81, 2*i + 3*s - 177 = 6*s. Calculate the remainder when i is divided by 27.
15
Let o = -26 + 45. Let n = o + -5. Calculate the remainder when 26 is divided by n.
12
What is the remainder when 9 is divided by -2 + (-1)/((-2)/16)?
3
Let y = 121 + -62. Suppose 0 = -o + 6*o + 3*n - 34, 5*o - 40 = -5*n. What is the remainder when y is divided by (o/3)/((-2)/(-24))?
19
Let n(w) = w + 15. Calculate the remainder when n(5) is divided by 7.
6
Let x(v) = -v**2 + 8*v + 1. Let m be x(6). Let q(w) = -w**3 + 6*w**2 + 2*w - 6. Calculate the remainder when (1 + m)*(-9)/(-6) is divided by q(6).
3
Let c be (28/(-10))/((-4)/10). Let w = c - -1. Calculate the remainder when w is divided by 3.
2
Let u = -52 - -77. Let t = -12 + u. What is the remainder when 2/6 + 71/3 is divided by t?
11
Let t = -9 - -13. Suppose -j - t = -3*j. Suppose -r - 3*g = -4, 3*g + j = 8*r - 3*r. Calculate the remainder when 2 is divided by r.
0
Suppose 0 = 4*h - 3*v + 4 - 42, 5*v - 22 = -4*h. Calculate the remainder when 23 is divided by h + 1 - (10 + -7).
5
Suppose -3 + 1 = x. Suppose 4*u = 3*s + 6, 33*s - 29*s - 20 = -4*u. What is the remainder when ((-2)/6)/(x/66) is divided by u?
2
Let k(g) = -g - 1. Let w be k(-5). Suppose -2*o - w = -12, -j + 19 = 3*o. Calculate the remainder when j is divided by 3.
1
Suppose 14 = 2*a - 16. Let d = a - 5. What is the remainder when 19 - (1 + -2 - -1) is divided by d?
9
Let d = 1 + 11. What is the remainder when 46 is divided by d?
10
Let d = -51 - -79. Calculate the remainder when d is divided by 15.
13
Let j(l) = l**2 + 23*l + 65. What is the remainder when 168 is divided by j(-22)?
39
Suppose 20 = -4*h + 92. Suppose 0 = 5*f - 20, -3*f - h = -4*u + u. Calculate the remainder when 18 is divided by u.
8
Let w(u) = u - 2. Let a be w(4). Suppose -n + 27 = a*n. Calculate the remainder when ((-1)/(-1))/(1/17) is divided by n.
8
What is the remainder when (-2)/(0 - 1)*18 is divided by 19?
17
Calculate the remainder when 95 is divided by 7*1/(2/4).
11
Let g(n) = -2*n**3 - 4 - 2*n - 3 - 3*n**2 + 5. Suppose 20 = 2*p - 10. What is the remainder when p is divided by g(-2)?
3
Suppose 4*x = -4059 + 635. What is the remainder when 2/9 - x/36 is divided by (-2 + -1 + 2)*-13?
11
Let p(v) = -v**2 + 5*v - 6. Let l be p(4). Let j = -3 - l. Let u = 4 + j. What is the remainder when 7 is divided by u?
1
Let y = -13 - -16. Calculate the remainder when 22 is divided by y.
1
Let z(g) = 2*g**2 + 4*g - 2. What is the remainder when z(4) is divided by 6/(-21) + (2 - (-312)/14)?
22
Suppose 3*v - v = -5*i + 142, 5*v + 5*i = 355. Suppose 4*l - v = 93. Calculate the remainder when l is divided by 21.
20
Let v(a) = a**3 + 9*a**2 + 7*a. What is the remainder when 101 is divided by v(-8)?
5
What is the remainder when (-52)/(-6) + 2/(-3) is divided by 5?
3
Let z(c) = -c + 2. Let f be z(-3). Let o = -4 + f. Calculate the remainder when 2 is divided by o.
0
Let m(k) = k**3 + 5*k**2 - 3*k - 6. Calculate the remainder when 32 is divided by m(-5).
5
Let g(q) = q + 16. Calculate the remainder when g(2) is divided by 8.
2
Suppose 7*t + 6*t - 286 = 0. What is the remainder when t is divided by 20?
2
Calculate the remainder when 1/3*(24 - 6) is divided by 3.
0
Suppose 4 = a + 2. Suppose -a*x = -4*x + 30. What is the remainder when x is divided by 4?
3
Let v = 50 + -33. Let q be (1 - -1)/(2 - 0). Calculate the remainder when v is divided by q/3 - 52/(-6).
8
Let w(o) = o**2 + 12*o + 24. Calculate the remainder when 25 is divided by w(-11).
12
Let w = -13 + 28. Let u be (-10)/60 + (-2)/(-12). Let k(m) = 2*m + 6. Calculate the remainder when w is divided by k(u).
3
Let k(v) = -3*v + 124. What is the remainder when k(0) is divided by 32?
28
Let l(y) = -6*y + 1. Let x be l(-5). Let d = x - 19. What is the remainder when 23 is divided by d?
11
Suppose -3*b + 3*v + 83 = -82, -5*b - 3*v + 267 = 0. Calculate the remainder when b is divided by 11.
10
Let t(x) = -3*x**2 - 4 + 15*x + 2*x**2 - 3*x + 0. Calculate the remainder when 31 is divided by t(10).
15
Suppose 2*d = -3*d + 10. Suppose 0 = 3*k + 10 - 40. What is the remainder when k is divided by d/6 + 17/3?
4
Suppose 6*r = 2*r + 56. Let a = -9 + r. What is the remainder when 15 + 1 - 2/1 is divided by a?
4
Let c(j) = 2*j**2 - 2*j + 2. Let h = -10 + 37. Calculate the remainder when h is divided by c(3).
13
Calculate the remainder when ((-234)/(-15))/((-8)/(-20)) is divided by 21.
18
Suppose -51 = -5*f + 3*r + 1, -2*f = -5*r - 36. Suppose 8 = 5*g - 7. What is the remainder when f is divided by g?
2
What is the remainder when 4/28*2 - 456/(-21) is divided by 12?
10
Let u = 1 - -5. Suppose 0 = 4*f - u*f + 8. Suppose -5*n = 4*d - 0 + 13, 0 = 3*d + f*n + 11. Calculate the remainder when 7 is divided by d.
1
Let i(u) = -u**3 - 11*u**2 + 7*u. Calculate the remainder when i(-12) is divided by 21.
18
Suppose 0 = -3*z + 21 + 48. Suppose -3*i = -5*i. Let n = i - -8. Calculate the remainder when z is divided by n.
7
Calculate the remainder when 74 is divided by 280/15 - 1/(-3).
17
Let p(s) = s**2 - s - 4. Let i be p(3). Let r(k) = 5*k**2 - 3*k + 3. What is the remainder when r(i) is divided by 5?
2
Suppose 5*v + 34 = 3*p, 3*p + v + 4*v + 16 = 0. Suppose 0 = -2*b - 4*q + 2, 4*b = -q + p*q + 54. Calculate the remainder when b is divided by 4.
3
Suppose -y = -6 - 1. Suppose -2*f + 5 = -y. Calculate the remainder when (-4)/(-14) - (-468)/28 is divided by f.
5
Let j(o) = -11*o + 1. Calculate the remainder when 21 is divided by j(-1).
9
Suppose 0*v - 87 = -4*v - 3*n, 2*n + 19 = v. What is the remainder when 81 is divided by v?
18
Suppose 2*x - 4 = 2. Let h(w) = w**2 - w - 3. Let a be h(x). Suppose 0 = 3*p - 2*o + 3 - 0, 2*p + a*o = 11. Calculate the remainder when 1 is divided by p.
0
Suppose u - 4 = -0*u. Suppose u = -0*n + 4*n, 0 = -2*r + 2*n + 4. What is the remainder when 5 is divided by r?
2
Let p = -28 - -55. Let t(b) = 3*b**2 + 4*b + 2 - b**2 + 3*b**2. What is the remainder when p is divided by t(-2)?
13
Let f be ((-36)/27)/((-2)/6). Suppose -4*g + 8 = -4*a, -4*g - f*a + 42 - 2 = 0. Let b = 5 - -5. Calculate the remainder when b is divided by g.
4
What is the remainder when 9 is divided by ((-6)/4)/(3/(-6))?
0
Suppose b - 6*b + 65 = 0. Calculate the remainder when b is divided by 3.
1
Suppose -5*r = -2*r - 6. Suppose 0 = u - r*u + 2*n + 5, 5 = u - n. Let x(f) = f**2 + 9*f - 20. What is the remainder when u is divided by x(-11)?
1
Let i be 2/(((-6)/(-2))/3). Suppose 3*b - 20 = -i*b. What is the remainder when 6 is divided by b?
2
Suppose 0*x = -6*x + 294. Calculate the remainder when x is divided by 26.
23
Let n(z) = 6*z + 15. Calculate the remainder when n(4) is divided by (-1)/(-3) - 82/(-6).
11
Let d(t) = -t**2 + 10*t - 7. What is the remainder when 34 is divided by d(8)?
7
Suppose 4*t = 5*r + 388, 84 = t - 0*r + 2*r. Suppose 29 = -3*u + t. What is the remainder when u is divided by 12?
9
Let u(b) = b**2 - 2*b - 10. Let o be u(-6). Suppose 25 = h - o. What is the remainder when h is divided by 22?
19
Let p = 1 + 1. Suppose p*s + 19 = -21. Let k = s + 70. What is the remainder when k is divided by 17?
16
Suppose -5*p = 2*p - 84. Calculate the remainder when 35 is divided by p.
11
Let y be (0 + 1)*(5 + 23). Suppose -i + y = i. Calculate the remainder when 53 is divided by i.
11
Suppose -58 = -3*w + 4*m + 27, -4*m - 112 = -4*w. Suppose 2*r - 49 - 35 = 0. Let s = r - w. Calculate the remainder when 28 is divided by s.
13
Suppose -2*d = -92 - 120. What is the remainder when d is divided by 36?
34
Let r(h) = h**3 + 8*h**2 + 6*h + 16. What is the remainder when r(-7) is divided by 6?
5
Let a = -16 + 21. Suppose 0 = -a*f + 7 + 18. Calculate the remainder when 11 is divided by f.
1
Let k = 17 + -9. Let j be (-92)/(-8) + 2/(-4). Let x = 26 - j. What is the remainder when x is divided by k?
7
Let q(l) = -l**3 - 6*l**2 - 3*l - 4. What is the remainder when 27 is divided by q(-6)?
13
Let c = 31 - 22. Calculate the remainder when 17 is divided by c.
8
Let q(k) = k + 7. Let w be q(-5). Suppose -111 = w*r - 309. Calculate the remainder when r is divided by 25.
24
Let n = 37 + -26. Suppose 0*h + n = h. Calculate the remainder when h is divided by 4.
3
Suppose 0*g = 5*g - 555. Calculate the remainder when g is divided by 19.
16
Suppose -4*p + 18 = -p. Calculate the remain